{"id":301,"date":"2019-06-03T08:08:27","date_gmt":"2019-06-03T08:08:27","guid":{"rendered":"http:\/\/st-elena.ms.decms.eu\/?page_id=301"},"modified":"2026-03-18T08:06:16","modified_gmt":"2026-03-18T08:06:16","slug":"chambres-et-suites","status":"publish","type":"page","link":"https:\/\/www.indigovenice.com\/fr\/chambres-et-suites\/","title":{"rendered":"Chambres et suites"},"content":{"rendered":"<h1>Chambres et suites de charme \u00e0 deux pas de la Biennale<\/h1>\n<p>Immerg\u00e9es dans l&rsquo;atmosph\u00e8re paisible de l&rsquo;\u00eele de sant\u2019Elena, nos chambres offrent une<strong> vue agr\u00e9able sur le jardin int\u00e9rieur<\/strong> ou sur les ruelles du quartier.<\/p>\n<p>Patchwork original de design moderne et cr\u00e9ativit\u00e9, toutes nos chambres offrent bien plus qu&rsquo;un refuge pour passer des nuits sereines ou qu\u2019un confortable espace de travail.<br \/>\nLes chambres de l&rsquo;<strong>Hotel Indigo Venice &#8211; Sant&rsquo;Elena<\/strong> sont tout confort et font la part belle aux d\u00e9tails parfaitement \u00e9tudi\u00e9s.\u00a0 Nos salles de bains, am\u00e9nag\u00e9es dans un style spa,\u00a0agr\u00e9ment\u00e9es de produits d\u2019accueil de qualit\u00e9 et\u00a0\u00e9quip\u00e9es de douche effet pluie rafra\u00eechiront vos instants de farniente et vous apporteront du tonus.<\/p>\n<p>Le b\u00e2timent, qui occupe un <strong>ancien couvent<\/strong>, a conserv\u00e9 son architecture imposante et a \u00e9t\u00e9 reconverti en <a href=\"https:\/\/www.indigovenice.com\/fr\/chambres-et-suites\/\">suites et chambres<\/a> spacieuses qui, \u00e0 l&rsquo;image du quartier, offrent une atmosph\u00e8re unique, alliant culture et caract\u00e8re.<br \/>\n<strong>Situ\u00e9e \u00e0 quelques pas seulement de la Biennale<\/strong>, chaque chambre affiche sa personnalit\u00e9.<\/p>\n<p><strong>Le design unique s&rsquo;inspire de l&rsquo;Histoire<\/strong> et de l\u2019\u00e9troite relation que la ville de Venise, consid\u00e9r\u00e9e comme la porte de l&rsquo;Orient, entretient avec la culture byzantine que l&rsquo;on retrouve dans les couleurs et les textures des d\u00e9corations.<\/p>\n<p>Inspir\u00e9es par le flair artistique qui souffle sur le quartier durant l\u2019\u00e9t\u00e9 \u00e0 l\u2019occasion des expositions d&rsquo;art et d&rsquo;architecture contemporaine de la Biennale, les chambres conjuguent un <strong>style moderne avec un design soign\u00e9<\/strong> qui accueille de <strong>magnifiques cr\u00e9ations issues de l&rsquo;artisanat local<\/strong>.<\/p>\n<p>Chaque chambre peut devenir l&rsquo;<strong>endroit id\u00e9al<\/strong> pour c\u00e9l\u00e9brer une <strong>occasion sp\u00e9ciale<\/strong>. Consultez notre brochure et d\u00e9couvrez nos <strong>services en chambre<\/strong>.<\/p>\n","protected":false},"excerpt":{"rendered":"<p>Chambres et suites de charme \u00e0 deux pas de la Biennale Immerg\u00e9es dans l&rsquo;atmosph\u00e8re paisible de l&rsquo;\u00eele de sant\u2019Elena, nos chambres offrent une vue agr\u00e9able sur le jardin int\u00e9rieur ou sur les ruelles du quartier. Patchwork original de design moderne et cr\u00e9ativit\u00e9, toutes nos chambres offrent bien plus qu&rsquo;un refuge pour passer des nuits sereines [&hellip;]<\/p>\n","protected":false},"author":7,"featured_media":0,"parent":0,"menu_order":2,"comment_status":"closed","ping_status":"closed","template":"template-rooms.php","meta":{"footnotes":""},"class_list":["post-301","page","type-page","status-publish","hentry"],"yoast_head":"<!-- This site is optimized with the Yoast SEO plugin v26.9 - https:\/\/yoast.com\/product\/yoast-seo-wordpress\/ -->\n<title>Chambres d&#039;h\u00f4tel 4* \u00e0 Venise | Hotel Indigo Venice Sant&#039;Elena<\/title>\n<meta name=\"description\" content=\"Vous cherchez un h\u00f4tel \u00e9l\u00e9gant et confortable \u00e0 Venise\u00a0? D\u00e9couvrez chambres et suites de l\u2019Hotel Indigo Venice Sant&#039;Elena, pr\u00e8s des jardins de la Biennale.\" \/>\n<meta name=\"robots\" content=\"index, follow, max-snippet:-1, max-image-preview:large, max-video-preview:-1\" \/>\n<link rel=\"canonical\" href=\"https:\/\/www.indigovenice.com\/fr\/chambres-et-suites\/\" \/>\n<meta property=\"og:locale\" content=\"fr_FR\" \/>\n<meta property=\"og:type\" content=\"article\" \/>\n<meta property=\"og:title\" content=\"Chambres d&#039;h\u00f4tel 4* \u00e0 Venise | Hotel Indigo Venice Sant&#039;Elena\" \/>\n<meta property=\"og:description\" content=\"Vous cherchez un h\u00f4tel \u00e9l\u00e9gant et confortable \u00e0 Venise\u00a0? D\u00e9couvrez chambres et suites de l\u2019Hotel Indigo Venice Sant&#039;Elena, pr\u00e8s des jardins de la Biennale.\" \/>\n<meta property=\"og:url\" content=\"https:\/\/www.indigovenice.com\/fr\/chambres-et-suites\/\" \/>\n<meta property=\"og:site_name\" content=\"Hotel Indigo Venice - Sant&#039;Elena\" \/>\n<meta property=\"article:modified_time\" content=\"2026-03-18T08:06:16+00:00\" \/>\n<meta name=\"twitter:card\" content=\"summary_large_image\" \/>\n<meta name=\"twitter:label1\" content=\"Dur\u00e9e de lecture estim\u00e9e\" \/>\n\t<meta name=\"twitter:data1\" content=\"2 minutes\" \/>\n<script type=\"application\/ld+json\" class=\"yoast-schema-graph\">{\"@context\":\"https:\/\/schema.org\",\"@graph\":[{\"@type\":\"WebPage\",\"@id\":\"https:\/\/www.indigovenice.com\/fr\/chambres-et-suites\/\",\"url\":\"https:\/\/www.indigovenice.com\/fr\/chambres-et-suites\/\",\"name\":\"Chambres d'h\u00f4tel 4* \u00e0 Venise | Hotel Indigo Venice Sant'Elena\",\"isPartOf\":{\"@id\":\"https:\/\/www.indigovenice.com\/fr\/#website\"},\"datePublished\":\"2019-06-03T08:08:27+00:00\",\"dateModified\":\"2026-03-18T08:06:16+00:00\",\"description\":\"Vous cherchez un h\u00f4tel \u00e9l\u00e9gant et confortable \u00e0 Venise\u00a0? D\u00e9couvrez chambres et suites de l\u2019Hotel Indigo Venice Sant'Elena, pr\u00e8s des jardins de la Biennale.\",\"breadcrumb\":{\"@id\":\"https:\/\/www.indigovenice.com\/fr\/chambres-et-suites\/#breadcrumb\"},\"inLanguage\":\"fr-FR\",\"potentialAction\":[{\"@type\":\"ReadAction\",\"target\":[\"https:\/\/www.indigovenice.com\/fr\/chambres-et-suites\/\"]}]},{\"@type\":\"BreadcrumbList\",\"@id\":\"https:\/\/www.indigovenice.com\/fr\/chambres-et-suites\/#breadcrumb\",\"itemListElement\":[{\"@type\":\"ListItem\",\"position\":1,\"name\":\"Home\",\"item\":\"https:\/\/www.indigovenice.com\/fr\/\"},{\"@type\":\"ListItem\",\"position\":2,\"name\":\"Chambres et suites\"}]},{\"@type\":\"WebSite\",\"@id\":\"https:\/\/www.indigovenice.com\/fr\/#website\",\"url\":\"https:\/\/www.indigovenice.com\/fr\/\",\"name\":\"Hotel Indigo Venice - Sant'Elena\",\"description\":\"Just another ms.decms.eu site\",\"potentialAction\":[{\"@type\":\"SearchAction\",\"target\":{\"@type\":\"EntryPoint\",\"urlTemplate\":\"https:\/\/www.indigovenice.com\/fr\/?s={search_term_string}\"},\"query-input\":{\"@type\":\"PropertyValueSpecification\",\"valueRequired\":true,\"valueName\":\"search_term_string\"}}],\"inLanguage\":\"fr-FR\"}]}<\/script>\n<!-- \/ Yoast SEO plugin. -->","yoast_head_json":{"title":"Chambres d'h\u00f4tel 4* \u00e0 Venise | Hotel Indigo Venice Sant'Elena","description":"Vous cherchez un h\u00f4tel \u00e9l\u00e9gant et confortable \u00e0 Venise\u00a0? D\u00e9couvrez chambres et suites de l\u2019Hotel Indigo Venice Sant'Elena, pr\u00e8s des jardins de la Biennale.","robots":{"index":"index","follow":"follow","max-snippet":"max-snippet:-1","max-image-preview":"max-image-preview:large","max-video-preview":"max-video-preview:-1"},"canonical":"https:\/\/www.indigovenice.com\/fr\/chambres-et-suites\/","og_locale":"fr_FR","og_type":"article","og_title":"Chambres d'h\u00f4tel 4* \u00e0 Venise | Hotel Indigo Venice Sant'Elena","og_description":"Vous cherchez un h\u00f4tel \u00e9l\u00e9gant et confortable \u00e0 Venise\u00a0? D\u00e9couvrez chambres et suites de l\u2019Hotel Indigo Venice Sant'Elena, pr\u00e8s des jardins de la Biennale.","og_url":"https:\/\/www.indigovenice.com\/fr\/chambres-et-suites\/","og_site_name":"Hotel Indigo Venice - Sant'Elena","article_modified_time":"2026-03-18T08:06:16+00:00","twitter_card":"summary_large_image","twitter_misc":{"Dur\u00e9e de lecture estim\u00e9e":"2 minutes"},"schema":{"@context":"https:\/\/schema.org","@graph":[{"@type":"WebPage","@id":"https:\/\/www.indigovenice.com\/fr\/chambres-et-suites\/","url":"https:\/\/www.indigovenice.com\/fr\/chambres-et-suites\/","name":"Chambres d'h\u00f4tel 4* \u00e0 Venise | Hotel Indigo Venice Sant'Elena","isPartOf":{"@id":"https:\/\/www.indigovenice.com\/fr\/#website"},"datePublished":"2019-06-03T08:08:27+00:00","dateModified":"2026-03-18T08:06:16+00:00","description":"Vous cherchez un h\u00f4tel \u00e9l\u00e9gant et confortable \u00e0 Venise\u00a0? D\u00e9couvrez chambres et suites de l\u2019Hotel Indigo Venice Sant'Elena, pr\u00e8s des jardins de la Biennale.","breadcrumb":{"@id":"https:\/\/www.indigovenice.com\/fr\/chambres-et-suites\/#breadcrumb"},"inLanguage":"fr-FR","potentialAction":[{"@type":"ReadAction","target":["https:\/\/www.indigovenice.com\/fr\/chambres-et-suites\/"]}]},{"@type":"BreadcrumbList","@id":"https:\/\/www.indigovenice.com\/fr\/chambres-et-suites\/#breadcrumb","itemListElement":[{"@type":"ListItem","position":1,"name":"Home","item":"https:\/\/www.indigovenice.com\/fr\/"},{"@type":"ListItem","position":2,"name":"Chambres et suites"}]},{"@type":"WebSite","@id":"https:\/\/www.indigovenice.com\/fr\/#website","url":"https:\/\/www.indigovenice.com\/fr\/","name":"Hotel Indigo Venice - Sant'Elena","description":"Just another ms.decms.eu site","potentialAction":[{"@type":"SearchAction","target":{"@type":"EntryPoint","urlTemplate":"https:\/\/www.indigovenice.com\/fr\/?s={search_term_string}"},"query-input":{"@type":"PropertyValueSpecification","valueRequired":true,"valueName":"search_term_string"}}],"inLanguage":"fr-FR"}]}},"acf":[],"_links":{"self":[{"href":"https:\/\/www.indigovenice.com\/fr\/wp-json\/wp\/v2\/pages\/301","targetHints":{"allow":["GET"]}}],"collection":[{"href":"https:\/\/www.indigovenice.com\/fr\/wp-json\/wp\/v2\/pages"}],"about":[{"href":"https:\/\/www.indigovenice.com\/fr\/wp-json\/wp\/v2\/types\/page"}],"author":[{"embeddable":true,"href":"https:\/\/www.indigovenice.com\/fr\/wp-json\/wp\/v2\/users\/7"}],"replies":[{"embeddable":true,"href":"https:\/\/www.indigovenice.com\/fr\/wp-json\/wp\/v2\/comments?post=301"}],"version-history":[{"count":0,"href":"https:\/\/www.indigovenice.com\/fr\/wp-json\/wp\/v2\/pages\/301\/revisions"}],"wp:attachment":[{"href":"https:\/\/www.indigovenice.com\/fr\/wp-json\/wp\/v2\/media?parent=301"}],"curies":[{"name":"wp","href":"https:\/\/api.w.org\/{rel}","templated":true}]}}

<h1>Chambres et suites de charme à deux pas de la Biennale</h1>
<p>Immergées dans l&rsquo;atmosphère paisible de l&rsquo;île de sant’Elena, nos chambres offrent une<strong> vue agréable sur le jardin intérieur</strong> ou sur les ruelles du quartier.</p>
<p>Patchwork original de design moderne et créativité, toutes nos chambres offrent bien plus qu&rsquo;un refuge pour passer des nuits sereines ou qu’un confortable espace de travail.<br />
Les chambres de l&rsquo;<strong>Hotel Indigo Venice &#8211; Sant&rsquo;Elena</strong> sont tout confort et font la part belle aux détails parfaitement étudiés.  Nos salles de bains, aménagées dans un style spa, agrémentées de produits d’accueil de qualité et équipées de douche effet pluie rafraîchiront vos instants de farniente et vous apporteront du tonus.</p>
<p>Le bâtiment, qui occupe un <strong>ancien couvent</strong>, a conservé son architecture imposante et a été reconverti en <a href="https://www.indigovenice.com/fr/chambres-et-suites/">suites et chambres</a> spacieuses qui, à l&rsquo;image du quartier, offrent une atmosphère unique, alliant culture et caractère.<br />
<strong>Située à quelques pas seulement de la Biennale</strong>, chaque chambre affiche sa personnalité.</p>
<p><strong>Le design unique s&rsquo;inspire de l&rsquo;Histoire</strong> et de l’étroite relation que la ville de Venise, considérée comme la porte de l&rsquo;Orient, entretient avec la culture byzantine que l&rsquo;on retrouve dans les couleurs et les textures des décorations.</p>
<p>Inspirées par le flair artistique qui souffle sur le quartier durant l’été à l’occasion des expositions d&rsquo;art et d&rsquo;architecture contemporaine de la Biennale, les chambres conjuguent un <strong>style moderne avec un design soigné</strong> qui accueille de <strong>magnifiques créations issues de l&rsquo;artisanat local</strong>.</p>
<p>Chaque chambre peut devenir l&rsquo;<strong>endroit idéal</strong> pour célébrer une <strong>occasion spéciale</strong>. Consultez notre brochure et découvrez nos <strong>services en chambre</strong>.</p>

<p>Chambres et suites de charme à deux pas de la Biennale Immergées dans l&rsquo;atmosphère paisible de l&rsquo;île de sant’Elena, nos chambres offrent une vue agréable sur le jardin intérieur ou sur les ruelles du quartier. Patchwork original de design moderne et créativité, toutes nos chambres offrent bien plus qu&rsquo;un refuge pour passer des nuits sereines [&hellip;]</p>

<!-- This site is optimized with the Yoast SEO plugin v26.9 - https://yoast.com/product/yoast-seo-wordpress/ -->
<title>Chambres d&#039;hôtel 4* à Venise | Hotel Indigo Venice Sant&#039;Elena</title>
<meta name="description" content="Vous cherchez un hôtel élégant et confortable à Venise ? Découvrez chambres et suites de l’Hotel Indigo Venice Sant&#039;Elena, près des jardins de la Biennale." />
<meta name="robots" content="index, follow, max-snippet:-1, max-image-preview:large, max-video-preview:-1" />
<link rel="canonical" href="https://www.indigovenice.com/fr/chambres-et-suites/" />
<meta property="og:locale" content="fr_FR" />
<meta property="og:type" content="article" />
<meta property="og:title" content="Chambres d&#039;hôtel 4* à Venise | Hotel Indigo Venice Sant&#039;Elena" />
<meta property="og:description" content="Vous cherchez un hôtel élégant et confortable à Venise ? Découvrez chambres et suites de l’Hotel Indigo Venice Sant&#039;Elena, près des jardins de la Biennale." />
<meta property="og:url" content="https://www.indigovenice.com/fr/chambres-et-suites/" />
<meta property="og:site_name" content="Hotel Indigo Venice - Sant&#039;Elena" />
<meta property="article:modified_time" content="2026-03-18T08:06:16+00:00" />
<meta name="twitter:card" content="summary_large_image" />
<meta name="twitter:label1" content="Durée de lecture estimée" />
	<meta name="twitter:data1" content="2 minutes" />
<script type="application/ld+json" class="yoast-schema-graph">{"@context":"https://schema.org","@graph":[{"@type":"WebPage","@id":"https://www.indigovenice.com/fr/chambres-et-suites/","url":"https://www.indigovenice.com/fr/chambres-et-suites/","name":"Chambres d'hôtel 4* à Venise | Hotel Indigo Venice Sant'Elena","isPartOf":{"@id":"https://www.indigovenice.com/fr/#website"},"datePublished":"2019-06-03T08:08:27+00:00","dateModified":"2026-03-18T08:06:16+00:00","description":"Vous cherchez un hôtel élégant et confortable à Venise ? Découvrez chambres et suites de l’Hotel Indigo Venice Sant'Elena, près des jardins de la Biennale.","breadcrumb":{"@id":"https://www.indigovenice.com/fr/chambres-et-suites/#breadcrumb"},"inLanguage":"fr-FR","potentialAction":[{"@type":"ReadAction","target":["https://www.indigovenice.com/fr/chambres-et-suites/"]}]},{"@type":"BreadcrumbList","@id":"https://www.indigovenice.com/fr/chambres-et-suites/#breadcrumb","itemListElement":[{"@type":"ListItem","position":1,"name":"Home","item":"https://www.indigovenice.com/fr/"},{"@type":"ListItem","position":2,"name":"Chambres et suites"}]},{"@type":"WebSite","@id":"https://www.indigovenice.com/fr/#website","url":"https://www.indigovenice.com/fr/","name":"Hotel Indigo Venice - Sant'Elena","description":"Just another ms.decms.eu site","potentialAction":[{"@type":"SearchAction","target":{"@type":"EntryPoint","urlTemplate":"https://www.indigovenice.com/fr/?s={search_term_string}"},"query-input":{"@type":"PropertyValueSpecification","valueRequired":true,"valueName":"search_term_string"}}],"inLanguage":"fr-FR"}]}</script>
<!-- / Yoast SEO plugin. -->

Chambres d'hôtel 4* à Venise | Hotel Indigo Venice Sant'Elena

Vous cherchez un hôtel élégant et confortable à Venise ? Découvrez chambres et suites de l’Hotel Indigo Venice Sant'Elena, près des jardins de la Biennale.
