{"id":593,"date":"2019-06-05T20:26:14","date_gmt":"2019-06-05T20:26:14","guid":{"rendered":"http:\/\/st-elena.ms.decms.eu\/?page_id=593"},"modified":"2026-03-11T15:16:36","modified_gmt":"2026-03-11T15:16:36","slug":"biennale","status":"publish","type":"page","link":"https:\/\/www.indigovenice.com\/fr\/venise\/biennale\/","title":{"rendered":"Biennale"},"content":{"rendered":"<p data-start=\"0\" data-end=\"272\"><strong data-start=\"0\" data-end=\"25\">La Biennale de Venise<\/strong> est une institution de renomm\u00e9e mondiale qui, depuis plus d\u2019un si\u00e8cle, promeut les nouvelles tendances dans le domaine des arts contemporains \u00e0 travers un programme riche d\u2019expositions, de performances, d\u2019activit\u00e9s de formation et de recherche.<\/p>\n<p data-start=\"274\" data-end=\"533\">L\u2019institution a \u00e9t\u00e9 fond\u00e9e en 1895 et ses premi\u00e8res \u00e9ditions se sont d\u00e9roul\u00e9es au <strong data-start=\"356\" data-end=\"375\">Palais Pro Arte<\/strong>, devenu ensuite le <strong data-start=\"395\" data-end=\"414\">Pavillon Italie<\/strong>, aujourd\u2019hui appel\u00e9 <strong data-start=\"435\" data-end=\"455\">Pavillon Central<\/strong>, situ\u00e9 pr\u00e8s des <strong data-start=\"472\" data-end=\"499\">Giardini de la Biennale<\/strong>, \u00e0 quelques pas de notre h\u00f4tel.<\/p>\n<p data-start=\"535\" data-end=\"693\">D\u00e8s 1907, les <strong data-start=\"549\" data-end=\"572\">pavillons nationaux<\/strong> ont commenc\u00e9 \u00e0 \u00eatre construits autour du Pavillon Central, au c\u0153ur des jardins (ils sont aujourd\u2019hui au nombre de 29).<\/p>\n<p data-start=\"695\" data-end=\"832\" data-is-last-node=\"\" data-is-only-node=\"\">\u00c0 ce site historique s\u2019ajoutent d\u2019autres lieux d\u2019exposition r\u00e9partis dans diff\u00e9rents points de la ville, comme par exemple <strong data-start=\"818\" data-end=\"831\">l\u2019Arsenal<\/strong>.<\/p>\n","protected":false},"excerpt":{"rendered":"<p>La Biennale de Venise est une institution de renomm\u00e9e mondiale qui, depuis plus d\u2019un si\u00e8cle, promeut les nouvelles tendances dans le domaine des arts contemporains \u00e0 travers un programme riche d\u2019expositions, de performances, d\u2019activit\u00e9s de formation et de recherche. L\u2019institution a \u00e9t\u00e9 fond\u00e9e en 1895 et ses premi\u00e8res \u00e9ditions se sont d\u00e9roul\u00e9es au Palais Pro [&hellip;]<\/p>\n","protected":false},"author":7,"featured_media":0,"parent":533,"menu_order":5,"comment_status":"closed","ping_status":"closed","template":"template-venice-theme.php","meta":{"footnotes":""},"class_list":["post-593","page","type-page","status-publish","hentry"],"yoast_head":"<!-- This site is optimized with the Yoast SEO plugin v26.9 - https:\/\/yoast.com\/product\/yoast-seo-wordpress\/ -->\n<title>H\u00f4tel 4* pr\u00e8s Biennale de Venise | Hotel Indigo Venice Sant&#039;Elena<\/title>\n<meta name=\"description\" content=\"L\u2019Hotel Indigo Venice Sant&#039;Elena est proche des jardins de la Biennale, le cadre parfait pour artistes, exposants et passionn\u00e9s d\u2019art\u00a0!\" \/>\n<meta name=\"robots\" content=\"index, follow, max-snippet:-1, max-image-preview:large, max-video-preview:-1\" \/>\n<link rel=\"canonical\" href=\"https:\/\/www.indigovenice.com\/fr\/venise\/biennale\/\" \/>\n<meta property=\"og:locale\" content=\"fr_FR\" \/>\n<meta property=\"og:type\" content=\"article\" \/>\n<meta property=\"og:title\" content=\"H\u00f4tel 4* pr\u00e8s Biennale de Venise | Hotel Indigo Venice Sant&#039;Elena\" \/>\n<meta property=\"og:description\" content=\"L\u2019Hotel Indigo Venice Sant&#039;Elena est proche des jardins de la Biennale, le cadre parfait pour artistes, exposants et passionn\u00e9s d\u2019art\u00a0!\" \/>\n<meta property=\"og:url\" content=\"https:\/\/www.indigovenice.com\/fr\/venise\/biennale\/\" \/>\n<meta property=\"og:site_name\" content=\"Hotel Indigo Venice - Sant&#039;Elena\" \/>\n<meta property=\"article:modified_time\" content=\"2026-03-11T15:16:36+00:00\" \/>\n<meta name=\"twitter:card\" content=\"summary_large_image\" \/>\n<meta name=\"twitter:label1\" content=\"Dur\u00e9e de lecture estim\u00e9e\" \/>\n\t<meta name=\"twitter:data1\" content=\"1 minute\" \/>\n<script type=\"application\/ld+json\" class=\"yoast-schema-graph\">{\"@context\":\"https:\/\/schema.org\",\"@graph\":[{\"@type\":\"WebPage\",\"@id\":\"https:\/\/www.indigovenice.com\/fr\/venise\/biennale\/\",\"url\":\"https:\/\/www.indigovenice.com\/fr\/venise\/biennale\/\",\"name\":\"H\u00f4tel 4* pr\u00e8s Biennale de Venise | Hotel Indigo Venice Sant'Elena\",\"isPartOf\":{\"@id\":\"https:\/\/www.indigovenice.com\/fr\/#website\"},\"datePublished\":\"2019-06-05T20:26:14+00:00\",\"dateModified\":\"2026-03-11T15:16:36+00:00\",\"description\":\"L\u2019Hotel Indigo Venice Sant'Elena est proche des jardins de la Biennale, le cadre parfait pour artistes, exposants et passionn\u00e9s d\u2019art\u00a0!\",\"breadcrumb\":{\"@id\":\"https:\/\/www.indigovenice.com\/fr\/venise\/biennale\/#breadcrumb\"},\"inLanguage\":\"fr-FR\",\"potentialAction\":[{\"@type\":\"ReadAction\",\"target\":[\"https:\/\/www.indigovenice.com\/fr\/venise\/biennale\/\"]}]},{\"@type\":\"BreadcrumbList\",\"@id\":\"https:\/\/www.indigovenice.com\/fr\/venise\/biennale\/#breadcrumb\",\"itemListElement\":[{\"@type\":\"ListItem\",\"position\":1,\"name\":\"Home\",\"item\":\"https:\/\/www.indigovenice.com\/fr\/\"},{\"@type\":\"ListItem\",\"position\":2,\"name\":\"Venise\",\"item\":\"https:\/\/www.indigovenice.com\/fr\/venise\/\"},{\"@type\":\"ListItem\",\"position\":3,\"name\":\"Biennale\"}]},{\"@type\":\"WebSite\",\"@id\":\"https:\/\/www.indigovenice.com\/fr\/#website\",\"url\":\"https:\/\/www.indigovenice.com\/fr\/\",\"name\":\"Hotel Indigo Venice - Sant'Elena\",\"description\":\"Just another ms.decms.eu site\",\"potentialAction\":[{\"@type\":\"SearchAction\",\"target\":{\"@type\":\"EntryPoint\",\"urlTemplate\":\"https:\/\/www.indigovenice.com\/fr\/?s={search_term_string}\"},\"query-input\":{\"@type\":\"PropertyValueSpecification\",\"valueRequired\":true,\"valueName\":\"search_term_string\"}}],\"inLanguage\":\"fr-FR\"}]}<\/script>\n<!-- \/ Yoast SEO plugin. -->","yoast_head_json":{"title":"H\u00f4tel 4* pr\u00e8s Biennale de Venise | Hotel Indigo Venice Sant'Elena","description":"L\u2019Hotel Indigo Venice Sant'Elena est proche des jardins de la Biennale, le cadre parfait pour artistes, exposants et passionn\u00e9s d\u2019art\u00a0!","robots":{"index":"index","follow":"follow","max-snippet":"max-snippet:-1","max-image-preview":"max-image-preview:large","max-video-preview":"max-video-preview:-1"},"canonical":"https:\/\/www.indigovenice.com\/fr\/venise\/biennale\/","og_locale":"fr_FR","og_type":"article","og_title":"H\u00f4tel 4* pr\u00e8s Biennale de Venise | Hotel Indigo Venice Sant'Elena","og_description":"L\u2019Hotel Indigo Venice Sant'Elena est proche des jardins de la Biennale, le cadre parfait pour artistes, exposants et passionn\u00e9s d\u2019art\u00a0!","og_url":"https:\/\/www.indigovenice.com\/fr\/venise\/biennale\/","og_site_name":"Hotel Indigo Venice - Sant'Elena","article_modified_time":"2026-03-11T15:16:36+00:00","twitter_card":"summary_large_image","twitter_misc":{"Dur\u00e9e de lecture estim\u00e9e":"1 minute"},"schema":{"@context":"https:\/\/schema.org","@graph":[{"@type":"WebPage","@id":"https:\/\/www.indigovenice.com\/fr\/venise\/biennale\/","url":"https:\/\/www.indigovenice.com\/fr\/venise\/biennale\/","name":"H\u00f4tel 4* pr\u00e8s Biennale de Venise | Hotel Indigo Venice Sant'Elena","isPartOf":{"@id":"https:\/\/www.indigovenice.com\/fr\/#website"},"datePublished":"2019-06-05T20:26:14+00:00","dateModified":"2026-03-11T15:16:36+00:00","description":"L\u2019Hotel Indigo Venice Sant'Elena est proche des jardins de la Biennale, le cadre parfait pour artistes, exposants et passionn\u00e9s d\u2019art\u00a0!","breadcrumb":{"@id":"https:\/\/www.indigovenice.com\/fr\/venise\/biennale\/#breadcrumb"},"inLanguage":"fr-FR","potentialAction":[{"@type":"ReadAction","target":["https:\/\/www.indigovenice.com\/fr\/venise\/biennale\/"]}]},{"@type":"BreadcrumbList","@id":"https:\/\/www.indigovenice.com\/fr\/venise\/biennale\/#breadcrumb","itemListElement":[{"@type":"ListItem","position":1,"name":"Home","item":"https:\/\/www.indigovenice.com\/fr\/"},{"@type":"ListItem","position":2,"name":"Venise","item":"https:\/\/www.indigovenice.com\/fr\/venise\/"},{"@type":"ListItem","position":3,"name":"Biennale"}]},{"@type":"WebSite","@id":"https:\/\/www.indigovenice.com\/fr\/#website","url":"https:\/\/www.indigovenice.com\/fr\/","name":"Hotel Indigo Venice - Sant'Elena","description":"Just another ms.decms.eu site","potentialAction":[{"@type":"SearchAction","target":{"@type":"EntryPoint","urlTemplate":"https:\/\/www.indigovenice.com\/fr\/?s={search_term_string}"},"query-input":{"@type":"PropertyValueSpecification","valueRequired":true,"valueName":"search_term_string"}}],"inLanguage":"fr-FR"}]}},"acf":[],"_links":{"self":[{"href":"https:\/\/www.indigovenice.com\/fr\/wp-json\/wp\/v2\/pages\/593","targetHints":{"allow":["GET"]}}],"collection":[{"href":"https:\/\/www.indigovenice.com\/fr\/wp-json\/wp\/v2\/pages"}],"about":[{"href":"https:\/\/www.indigovenice.com\/fr\/wp-json\/wp\/v2\/types\/page"}],"author":[{"embeddable":true,"href":"https:\/\/www.indigovenice.com\/fr\/wp-json\/wp\/v2\/users\/7"}],"replies":[{"embeddable":true,"href":"https:\/\/www.indigovenice.com\/fr\/wp-json\/wp\/v2\/comments?post=593"}],"version-history":[{"count":0,"href":"https:\/\/www.indigovenice.com\/fr\/wp-json\/wp\/v2\/pages\/593\/revisions"}],"up":[{"embeddable":true,"href":"https:\/\/www.indigovenice.com\/fr\/wp-json\/wp\/v2\/pages\/533"}],"wp:attachment":[{"href":"https:\/\/www.indigovenice.com\/fr\/wp-json\/wp\/v2\/media?parent=593"}],"curies":[{"name":"wp","href":"https:\/\/api.w.org\/{rel}","templated":true}]}}

<p data-start="0" data-end="272"><strong data-start="0" data-end="25">La Biennale de Venise</strong> est une institution de renommée mondiale qui, depuis plus d’un siècle, promeut les nouvelles tendances dans le domaine des arts contemporains à travers un programme riche d’expositions, de performances, d’activités de formation et de recherche.</p>
<p data-start="274" data-end="533">L’institution a été fondée en 1895 et ses premières éditions se sont déroulées au <strong data-start="356" data-end="375">Palais Pro Arte</strong>, devenu ensuite le <strong data-start="395" data-end="414">Pavillon Italie</strong>, aujourd’hui appelé <strong data-start="435" data-end="455">Pavillon Central</strong>, situé près des <strong data-start="472" data-end="499">Giardini de la Biennale</strong>, à quelques pas de notre hôtel.</p>
<p data-start="535" data-end="693">Dès 1907, les <strong data-start="549" data-end="572">pavillons nationaux</strong> ont commencé à être construits autour du Pavillon Central, au cœur des jardins (ils sont aujourd’hui au nombre de 29).</p>
<p data-start="695" data-end="832" data-is-last-node="" data-is-only-node="">À ce site historique s’ajoutent d’autres lieux d’exposition répartis dans différents points de la ville, comme par exemple <strong data-start="818" data-end="831">l’Arsenal</strong>.</p>

<p>La Biennale de Venise est une institution de renommée mondiale qui, depuis plus d’un siècle, promeut les nouvelles tendances dans le domaine des arts contemporains à travers un programme riche d’expositions, de performances, d’activités de formation et de recherche. L’institution a été fondée en 1895 et ses premières éditions se sont déroulées au Palais Pro [&hellip;]</p>

<!-- This site is optimized with the Yoast SEO plugin v26.9 - https://yoast.com/product/yoast-seo-wordpress/ -->
<title>Hôtel 4* près Biennale de Venise | Hotel Indigo Venice Sant&#039;Elena</title>
<meta name="description" content="L’Hotel Indigo Venice Sant&#039;Elena est proche des jardins de la Biennale, le cadre parfait pour artistes, exposants et passionnés d’art !" />
<meta name="robots" content="index, follow, max-snippet:-1, max-image-preview:large, max-video-preview:-1" />
<link rel="canonical" href="https://www.indigovenice.com/fr/venise/biennale/" />
<meta property="og:locale" content="fr_FR" />
<meta property="og:type" content="article" />
<meta property="og:title" content="Hôtel 4* près Biennale de Venise | Hotel Indigo Venice Sant&#039;Elena" />
<meta property="og:description" content="L’Hotel Indigo Venice Sant&#039;Elena est proche des jardins de la Biennale, le cadre parfait pour artistes, exposants et passionnés d’art !" />
<meta property="og:url" content="https://www.indigovenice.com/fr/venise/biennale/" />
<meta property="og:site_name" content="Hotel Indigo Venice - Sant&#039;Elena" />
<meta property="article:modified_time" content="2026-03-11T15:16:36+00:00" />
<meta name="twitter:card" content="summary_large_image" />
<meta name="twitter:label1" content="Durée de lecture estimée" />
	<meta name="twitter:data1" content="1 minute" />
<script type="application/ld+json" class="yoast-schema-graph">{"@context":"https://schema.org","@graph":[{"@type":"WebPage","@id":"https://www.indigovenice.com/fr/venise/biennale/","url":"https://www.indigovenice.com/fr/venise/biennale/","name":"Hôtel 4* près Biennale de Venise | Hotel Indigo Venice Sant'Elena","isPartOf":{"@id":"https://www.indigovenice.com/fr/#website"},"datePublished":"2019-06-05T20:26:14+00:00","dateModified":"2026-03-11T15:16:36+00:00","description":"L’Hotel Indigo Venice Sant'Elena est proche des jardins de la Biennale, le cadre parfait pour artistes, exposants et passionnés d’art !","breadcrumb":{"@id":"https://www.indigovenice.com/fr/venise/biennale/#breadcrumb"},"inLanguage":"fr-FR","potentialAction":[{"@type":"ReadAction","target":["https://www.indigovenice.com/fr/venise/biennale/"]}]},{"@type":"BreadcrumbList","@id":"https://www.indigovenice.com/fr/venise/biennale/#breadcrumb","itemListElement":[{"@type":"ListItem","position":1,"name":"Home","item":"https://www.indigovenice.com/fr/"},{"@type":"ListItem","position":2,"name":"Venise","item":"https://www.indigovenice.com/fr/venise/"},{"@type":"ListItem","position":3,"name":"Biennale"}]},{"@type":"WebSite","@id":"https://www.indigovenice.com/fr/#website","url":"https://www.indigovenice.com/fr/","name":"Hotel Indigo Venice - Sant'Elena","description":"Just another ms.decms.eu site","potentialAction":[{"@type":"SearchAction","target":{"@type":"EntryPoint","urlTemplate":"https://www.indigovenice.com/fr/?s={search_term_string}"},"query-input":{"@type":"PropertyValueSpecification","valueRequired":true,"valueName":"search_term_string"}}],"inLanguage":"fr-FR"}]}</script>
<!-- / Yoast SEO plugin. -->

Hôtel 4* près Biennale de Venise | Hotel Indigo Venice Sant'Elena

L’Hotel Indigo Venice Sant'Elena est proche des jardins de la Biennale, le cadre parfait pour artistes, exposants et passionnés d’art !
